{"id":21,"date":"2016-05-31T15:18:20","date_gmt":"2016-05-31T13:18:20","guid":{"rendered":"http:\/\/zeit-fuer-ihr-tier.de\/?page_id=21"},"modified":"2023-08-27T21:19:08","modified_gmt":"2023-08-27T19:19:08","slug":"hunde","status":"publish","type":"page","link":"https:\/\/zeit-fuer-ihr-tier.de\/?page_id=21","title":{"rendered":"Hunde"},"content":{"rendered":"<h3>Gassiservice:<\/h3>\n<h3 class=\"caption\">in der Gruppe 30 Minuten: 14,50 \u20ac, zweiter Hund 6,85 \u20ac<\/h3>\n<h3 class=\"caption\">in der Gruppe 60 Minuten: 21,35 \u20ac, zweiter Hund 8,20 \u20ac<\/h3>\n<h3>einzeln 30 Minuten: \u00a0 \u00a0 \u00a0 \u00a0 \u00a0 \u00a018,80 \u20ac<\/h3>\n<h3 class=\"caption\">einzeln 60 Minuten:\u00a0 \u00a0 \u00a0 \u00a0 \u00a0 \u00a0 26,40 \u20ac<\/h3>\n<p>Wochenende und Feiertage werden mit 50% Aufschlag zum Grundpreis berechnet.<\/p>\n<h3>Fahrtkostenpauschale: 0,50 \u20ac\/ gefahrenen km<\/h3>\n<h4><\/h4>\n<h1>Erforderlich f\u00fcr den Service ist ein g\u00fcltiger Impfpass f\u00fcr den Hund.<\/h1>\n<h2>Die angegebenen Preise sind Richtpreise, die sich auf jeweils eine Betreuung beziehen und k\u00f6nnen je nach Tieraufkommen variieren. Inkl. der geltenden MwSt.<\/h2>\n","protected":false},"excerpt":{"rendered":"<p>Gassiservice: in der Gruppe 30 Minuten: 14,50 \u20ac, zweiter Hund 6,85 \u20ac in der Gruppe 60 Minuten: 21,35 \u20ac, zweiter Hund 8,20 \u20ac einzeln 30 Minuten: \u00a0 \u00a0 \u00a0 \u00a0 \u00a0 \u00a018,80 \u20ac einzeln 60 Minuten:\u00a0 \u00a0 \u00a0 \u00a0 \u00a0 &hellip; <a href=\"https:\/\/zeit-fuer-ihr-tier.de\/?page_id=21\">Weiterlesen <span class=\"meta-nav\">&rarr;<\/span><\/a><\/p>\n","protected":false},"author":5,"featured_media":0,"parent":19,"menu_order":31,"comment_status":"closed","ping_status":"closed","template":"","meta":{"footnotes":""},"class_list":["post-21","page","type-page","status-publish","hentry"],"_links":{"self":[{"href":"https:\/\/zeit-fuer-ihr-tier.de\/index.php?rest_route=\/wp\/v2\/pages\/21","targetHints":{"allow":["GET"]}}],"collection":[{"href":"https:\/\/zeit-fuer-ihr-tier.de\/index.php?rest_route=\/wp\/v2\/pages"}],"about":[{"href":"https:\/\/zeit-fuer-ihr-tier.de\/index.php?rest_route=\/wp\/v2\/types\/page"}],"author":[{"embeddable":true,"href":"https:\/\/zeit-fuer-ihr-tier.de\/index.php?rest_route=\/wp\/v2\/users\/5"}],"replies":[{"embeddable":true,"href":"https:\/\/zeit-fuer-ihr-tier.de\/index.php?rest_route=%2Fwp%2Fv2%2Fcomments&post=21"}],"version-history":[{"count":7,"href":"https:\/\/zeit-fuer-ihr-tier.de\/index.php?rest_route=\/wp\/v2\/pages\/21\/revisions"}],"predecessor-version":[{"id":154,"href":"https:\/\/zeit-fuer-ihr-tier.de\/index.php?rest_route=\/wp\/v2\/pages\/21\/revisions\/154"}],"up":[{"embeddable":true,"href":"https:\/\/zeit-fuer-ihr-tier.de\/index.php?rest_route=\/wp\/v2\/pages\/19"}],"wp:attachment":[{"href":"https:\/\/zeit-fuer-ihr-tier.de\/index.php?rest_route=%2Fwp%2Fv2%2Fmedia&parent=21"}],"curies":[{"name":"wp","href":"https:\/\/api.w.org\/{rel}","templated":true}]}}