{"id":2,"date":"2016-05-31T14:16:44","date_gmt":"2016-05-31T12:16:44","guid":{"rendered":"http:\/\/zeit-fuer-ihr-tier.de\/?page_id=2"},"modified":"2022-10-03T01:54:40","modified_gmt":"2022-10-02T23:54:40","slug":"startseite","status":"publish","type":"page","link":"https:\/\/zeit-fuer-ihr-tier.de\/","title":{"rendered":"Startseite"},"content":{"rendered":"<p><strong>Herzlich Willkommen auf www.zeit-fuer-ihr-tier.de!<\/strong><\/p>\n<h3>&#8211; dem Service f\u00fcr alle Tierbesitzer in Leichlingen, Wermelskirchen, Burscheid, Odenthal, Leverkusen und Umgebung!<\/h3>\n<h1>Ich, Natascha Eschenb\u00fcscher, ausgebildete Physiotherapeutin und Heilpraktikerin f\u00fcr Tiere freue mich, dass Sie den Weg zu mir gefunden haben. Seit Oktober 2011 ist die Firma Zeit-f\u00fcr-ihr-Tier ganz f\u00fcr Sie und Ihren Liebling da.<\/h1>\n<h1>Egal, ob Sie es aus verschiedenen Gr\u00fcnden nicht mehr schaffen, sich genug um Ihren Hund zu k\u00fcmmern, Ihre Katze oder Ihr Kleintier im Urlaub nicht aus der gewohnten Umgebung in eine Tierpension geben wollen, aus Urlaubs- oder Krankheitsgr\u00fcnden Ihr Pferd nicht versorgen oder reiten k\u00f6nnen, oder ob Sie einfach jemanden brauchen, der f\u00fcr Sie sperrige Dinge, wie Kratzb\u00e4ume oder Futter besorgt.<\/h1>\n<h1>All das kann ich in Zukunft f\u00fcr Sie \u00fcbernehmen!<\/h1>\n<h1>Alle Leistungen und Preise erfahren Sie in der entsprechenden Kategorie.<\/h1>\n<h1>Gerne w\u00fcrden ich Sie und Ihr Tier bei einem pers\u00f6nlichen und kostenlosen Termin kennen lernen, denn nicht nur der gute Kontakt zu den Besitzern ist mir wichtig, sondern auch ein guter Draht zum Tier. Schreiben Sie mir hierzu einfach \u00fcber das Kontaktformular oder rufen Sie unverbindlich an.<\/h1>\n<p><img loading=\"lazy\" decoding=\"async\" src=\"http:\/\/zeit-fuer-ihr-tier.de\/images\/foto324.jpg\" width=\"574\" height=\"385\" border=\"0\" \/><\/p>\n","protected":false},"excerpt":{"rendered":"<p>Herzlich Willkommen auf www.zeit-fuer-ihr-tier.de! &#8211; dem Service f\u00fcr alle Tierbesitzer in Leichlingen, Wermelskirchen, Burscheid, Odenthal, Leverkusen und Umgebung! Ich, Natascha Eschenb\u00fcscher, ausgebildete Physiotherapeutin und Heilpraktikerin f\u00fcr Tiere freue mich, dass Sie den Weg zu mir gefunden haben. Seit Oktober 2011 &hellip; <a href=\"https:\/\/zeit-fuer-ihr-tier.de\/\">Weiterlesen <span class=\"meta-nav\">&rarr;<\/span><\/a><\/p>\n","protected":false},"author":3,"featured_media":0,"parent":0,"menu_order":0,"comment_status":"closed","ping_status":"closed","template":"","meta":{"footnotes":""},"class_list":["post-2","page","type-page","status-publish","hentry"],"_links":{"self":[{"href":"https:\/\/zeit-fuer-ihr-tier.de\/index.php?rest_route=\/wp\/v2\/pages\/2","targetHints":{"allow":["GET"]}}],"collection":[{"href":"https:\/\/zeit-fuer-ihr-tier.de\/index.php?rest_route=\/wp\/v2\/pages"}],"about":[{"href":"https:\/\/zeit-fuer-ihr-tier.de\/index.php?rest_route=\/wp\/v2\/types\/page"}],"author":[{"embeddable":true,"href":"https:\/\/zeit-fuer-ihr-tier.de\/index.php?rest_route=\/wp\/v2\/users\/3"}],"replies":[{"embeddable":true,"href":"https:\/\/zeit-fuer-ihr-tier.de\/index.php?rest_route=%2Fwp%2Fv2%2Fcomments&post=2"}],"version-history":[{"count":3,"href":"https:\/\/zeit-fuer-ihr-tier.de\/index.php?rest_route=\/wp\/v2\/pages\/2\/revisions"}],"predecessor-version":[{"id":117,"href":"https:\/\/zeit-fuer-ihr-tier.de\/index.php?rest_route=\/wp\/v2\/pages\/2\/revisions\/117"}],"wp:attachment":[{"href":"https:\/\/zeit-fuer-ihr-tier.de\/index.php?rest_route=%2Fwp%2Fv2%2Fmedia&parent=2"}],"curies":[{"name":"wp","href":"https:\/\/api.w.org\/{rel}","templated":true}]}}